t m(b) = 5*b**2 - 16*b - 6. Let g(k) = 4*j(k) + m(k). Calculate g(l).
-10
Let t(s) = -183*s + 769. Let a(v) = -7*v - 6. Let w(u) = 15*a(u) - t(u). Give w(11).
-1
Suppose 2*x - 44 = 4*h, -21*h + 25*h - 76 = -4*x. Let o(k) = k**3 - 19*k**2 - 24*k + 86. Calculate o(x).
6
Let r(b) be the third derivative of b**4/24 + 4*b**3/3 - 7494*b**2. Let l be 3/(-6)*14*1. Calculate r(l).
1
Suppose 0 = 8*g - 6 - 26. Suppose 0 = 5*j - 2*u + 18, -7 + 27 = -g*j + 3*u. Let k(o) = 2*o**2 - 4*o - 6 + 0*o**2 - 1 + 5 - 4*o**2. What is k(j)?
-2
Suppose -4*k + 8 = 0, -3*k - 162 = -2*f - 4*k. Let m = f - 77. Let j(h) = m*h + 7 - 2*h + 0 - 5. Give j(-5).
-3
Suppose -3*q - 8 = q. Suppose -791 = -16*h - 71. Let b(m) = 1 + 0 + 0 - h*m**2 + 46*m**2 - 2*m**3. What is b(q)?
21
Let f(r) = -136*r + 26 - 26 + 152*r. Let w be (-5)/(-3)*(-42)/(-70). Determine f(w).
16
Let i(o) be the second derivative of -o**3/6 + 15*o**2/2 + 69*o - 10. Calculate i(-4).
19
Let q(v) = 3*v - 4. Let k(i) be the second derivative of 13*i**3/6 - 8*i**2 + 13*i. Let j(x) = -2*k(x) + 9*q(x). Give j(4).
0
Let u(o) be the second derivative of o**3/6 + 4*o**2 - 567*o - 4. Suppose -2*s = -s - 7. Let p be (-94)/14 + (-2)/s. Give u(p).
1
Let b(w) = 20*w**2 + w - 1. Suppose 216 = -13*u + 40*u. Suppose 2*z - 4 = v + v, 3*z - 5*v = u. What is b(z)?
20
Suppose 2*c + 20 + 17 = 3*s, 4*s - 50 = 3*c. Suppose 0 = -4*u + 13 + s. Let w(v) = 4*v + 5. Let p(a) = -9*a - 7. Let l(n) = -p(n) - 2*w(n). Calculate l(u).
3
Suppose w = 2*j - 4 - 6, -3*j = 5*w + 11. Let p be 486/12 - (35/10 + -2). Let d(y) = -9*y - p*y**j + 38*y**3 + 9*y. Give d(2).
-8
Suppose -26*r = -11*r - 45. Let b(f) = 4*f**3 - f**3 - 4*f**r - 4 - 5*f**2 + 13*f**2. Give b(8).
-4
Suppose 80*t + 41*t + 1331 = 0. Let r(v) = v + 8. Give r(t).
-3
Let a(u) = -u + 1. Let l(i) = -i**2 - 27*i - 68. Let w(s) = -s**2 - 18*s - 46. Let f(y) = 5*l(y) - 7*w(y). Let k be f(6). Give a(k).
1
Let h = 342 + -340. Let d(k) = -13 + 881*k**2 + 6 - h*k + k**3 - 885*k**2. Let u = 12 + -7. Give d(u).
8
Let o(q) = q**2 - 4*q + 3. Let a be o(3). Suppose a = -4*k + 10 - 10. Let y(i) = -i**3 - i**2 + i + 31. What is y(k)?
31
Let y(w) = -w**3 - 4*w**2 - 11*w + 53. Let u(p) = 3*p**3 + 14*p**2 + 33*p - 161. Let g(s) = 6*u(s) + 17*y(s). Give g(-15).
-5
Let o(q) = q**3 - 38*q**2 + 103*q + 74. Suppose 568*c - 17300 = 2388 + 192. Determine o(c).
4
Let b be 10*(3 - 21/6). Let k(s) = -2*s - 5. Let d be k(b). Let l(m) be the second derivative of -m**4/6 + 5*m**3/6 + 2*m**2 + 3*m - 2073. What is l(d)?
-21
Let p be (-3)/5*(-35 + 30). Suppose -5*j + 28 = -f, 2*f + 2*j + p + 5 = 0. Let k(x) = -2*x - 10. Give k(f).
6
Let r(n) = -2*n**2 + 8*n - 1. Let h(v) = 2*v**2 - 7*v. Let m(i) = 5*h(i) + 4*r(i). Let w be 138/33 - (-8 - (-900)/110). Give m(w).
16
Let n be 16/(-6)*(-3)/2. Suppose n*v + 3*j + 35 = 0, 30 = -7*v + 4*v - 3*j. Let t(u) = -u**2 - 7*u - 17. Let l be t(v). Let m(c) = 2*c + 10. Determine m(l).
-4
Let k(a) = 3*a + 59. Let x = -10392 + 10388. Calculate k(x).
47
Let z(a) = -352*a**3 + 35*a**2 - a - 41. Let g(k) = 101*k**3 - 12*k**2 + 14. Let t(b) = 7*g(b) + 2*z(b). Calculate t(4).
-24
Suppose 2 = 48*y - 46*y. Let x be (-4)/6 + y*(-3)/9. Let s(p) = 15*p**2 + p. What is s(x)?
14
Let j(k) = k**2 - 8*k + 11. Suppose 6 = 9*x - 7*x. Suppose -x*c = -4*n + 44, -5*n - 3*c = -6 - 22. Give j(n).
11
Let r(o) = -98 - o**2 + 54 + 7*o**2 - 3*o**2 + 4*o + 42 + o**3. Calculate r(-5).
-72
Suppose -x + 2 = -2*y, -5*y - 8 = -4*x - 0. Let g(k) = -12*k**3 + 2*k. Give g(x).
-92
Let a(y) = y**3 - 12*y**2 - 132*y - 24. Suppose c = 4*s + 43, -4*c + 32 = -3*s - 62. What is a(c)?
-5
Suppose 0 = 3*b + 3*c - 24, 3*c - 4 = 2. Let s(w) = -849*w - 49. Let i(u) = 134*u + 8. Let l(r) = -19*i(r) - 3*s(r). Give l(b).
1
Let h(w) be the third derivative of 23*w**4/24 + 20*w**3 - 773*w**2. Determine h(-5).
5
Let z(a) be the third derivative of a**6/120 + a**5/5 - a**4/2 + 5*a**3/6 + 6*a**2 - 7*a. Determine z(-13).
-8
Let i be (1 + -3*3/(-9))*170/68. Let n(a) be the third derivative of 0*a**4 + a**2 - 1/120*a**6 + 0*a**3 + 1/10*a**5 + 0 + 0*a. What is n(i)?
25
Let u(f) = 3*f. Let v be 6/(2/4*2). Let a be -6*(-2)/3*1. Suppose -n - v = -a*n. Give u(n).
6
Let i = -66 + 94. Let d(u) = u**2 - 29*u + 27. Let j be d(i). Let c(n) = 22*n**3 - 1. Give c(j).
-23
Let q = 11889 + -11879. Let z(y) = y**2 - 9*y - 9. What is z(q)?
1
Let z(c) = -10*c**2 + c - 3. Let f(d) = 10*d**2 - d + 4. Let h(t) = 2*f(t) + 3*z(t). Let s(p) = 29*p**2 - 3*p + 2. Let b(o) = 8*h(o) + 3*s(o). What is b(-1)?
6
Let l be 1080/(-504) + 6/(-7). Let i(y) = -26*y**3 - 36*y**2 - 20*y - 11. Let c(t) = -5*t**3 - 7*t**2 - 4*t - 2. Let h(m) = 11*c(m) - 2*i(m). Calculate h(l).
48
Suppose 0 = -w - 3, z - w - 2*w = 10. Suppose -z = -h + f, 4*h - 6 = 8*f - 5*f. Let c(y) = -3*y - y**2 + 2*y**2 - y**h + 7 - 6 + 2*y**2. What is c(3)?
-8
Suppose -152*w + 106*w + 92 = 0. Let c(f) be the third derivative of -5/24*f**4 + 0 - 2/15*f**5 - 13*f**w + 0*f + 1/2*f**3 - 1/120*f**6. Give c(-7).
-11
Suppose -4*l = -2*l - 2, 2 = -4*c - 2*l. Let f(d) = -1 + 4*d**3 + 17*d**3 - 24*d**3 + 16*d**2 - 14*d**2. Determine f(c).
4
Let z(m) be the first derivative of -m**4/4 - m**3 - m**2/2 - 4*m - 5. Let s = 692 - 696. Calculate z(s).
16
Let t(j) = -220*j + 224. Let n be t(1). Let i(x) be the third derivative of 0 - 4/3*x**3 + 36*x**2 - 1/24*x**n + 0*x - 1/60*x**5. What is i(0)?
-8
Let v(s) be the second derivative of -5*s**3/2 + 99*s**2/2 - 11*s + 147. What is v(6)?
9
Let n(y) = 13*y**2 + 3*y - 2. Let i(t) = -2*t**2 - t + 2. Let w(r) = 47*r**2 + 12*r - 14. Let x(h) = -5*i(h) - w(h). Let m(k) = 17*n(k) + 6*x(k). Give m(8).
-2
Let h(l) be the third derivative of -l**5/60 + l**4/24 + 17*l**3/3 - 1336*l**2. Calculate h(7).
-8
Let i(w) be the third derivative of w**5/20 + 25*w**4/24 - 7*w**3 + 89*w**2 + 2*w + 1. Calculate i(-9).
-24
Let b be (-24)/42*189/(-54). Let z(y) be the second derivative of -y**5/10 + y**4/4 - y**3/2 + y. Calculate z(b).
-10
Let b = -47 - 124. Let k = b - -173. Let a(u) = -3*u**3 + 2*u**2 + 3*u - 3. Give a(k).
-13
Let o = -230 + 289. Let k(i) = -i + 64 - 3*i**2 + o - 123. Calculate k(1).
-4
Let l(c) = -c**2 - 2*c + 10. Suppose 3*i - 76*o + 30 = -79*o, -5*i = o + 34. Determine l(i).
-14
Let l(s) = s**2 - 3*s + 1. Let x = 28 + -27. Let f be (x - 1/1)/(-2). Suppose f = -3*d + 8*d - 20. Calculate l(d).
5
Let h = 9915/79384 - -1/9923. Let u(x) be the third derivative of -h*x**4 + 4*x**2 + 0 + 0*x**3 + 0*x. Calculate u(3).
-9
Let k(l) be the second derivative of -5*l**3/6 - 53*l**2/2 - 1788*l. Calculate k(-10).
-3
Let k(d) = d. Let t(j) = -414 - 424 - 419 + 1287 - 2*j. Let x = -5 + 18. Let u be t(x). Give k(u).
4
Suppose -7*p - 534 = -p. Let i = p + 87. Let h(l) = 19*l + 2. Give h(i).
-36
Let u(w) = 11*w**3 + 11*w**3 + 2 + 16*w**3 + 5*w**2 - 37*w**3. Suppose 2*t + 6*t = -40. Give u(t).
2
Let o(p) be the third derivative of -1/24*p**4 - 5*p**2 - 1/3*p**3 + 0*p - 5. Calculate o(2).
-4
Suppose 3*i - 204 = -39. Let s = i + -52. Let u(q) = -5*q - 4*q**3 + 6*q + s*q**3 + 8*q**3. What is u(1)?
8
Let o(x) = x + 7. Let a be (1*6)/(1/7). Suppose -a = 5*c + 38. Let i = 21 + c. Give o(i).
12
Let u(j) = 22*j**3 - 52*j**2 + 36*j + 55. Let q(f) = -5*f**3 + 13*f**2 - 8*f - 14. Let k(o) = -9*q(o) - 2*u(o). Give k(13).
16
Let d(b) = b**3 - 6*b**2 - 2*b - 1. Let q be (-1*(-26 + 5))/((-2)/(-8)). Suppose -q = 9*y - 23*y. Give d(y).
-13
Suppose 4*l + 5*b + 5 = -l, l - b + 1 = 0. Let q(r) be the third derivative of 1/24*r**6 + 1/60*r**5 + 26*r**2 + 0*r + 0 + 0*r**3 + 1/24*r**4. Calculate q(l).
-5
Let d(r) be the third derivative of -31*r**4/24 - r**3/3 + r**2 - 2460*r. What is d(2)?
-64
Suppose -2135 = -10*j + 17*j. Let s = 300 + j. Let x(z) = 2*z - z**3 + 4*z - 2 - 5*z**2 + 2*z**2. What is x(s)?
18
Let m(k) be the second derivative of k**5/20 + k**4/3 - k**3 + 11*k**2/2 - 467*k. What is m(-5)?
16
Let p(h) = -9*h + 5 + 4*h + 6*h - 1 - 5*h. Let c(k) = -k**2 + 11*k - 7. Let s be (-4 - (-4)/2)*-5. Let i be c(s). Determine p(i).
-8
Let n be 12/(-15) - -63*(-48)/(-180). Let c(j) = j**3 - 16*j**2 + j + 6. Calculate c(n).
22
Let j = -356 - -344. Let v(b) = -b**3 - 14*b**2 - 22*b + 18. Let t be v(j). Let x(i) = -i**2 - 5*i - 7. Let m(g) = -g. Let d(h) = 2*m(h) + x(h). Calculate d(t).
-1
Let n(v) = -7*v**3 - 8*v**2 - 23*v - 13. Let